{"id":58,"date":"2016-08-18T15:26:02","date_gmt":"2016-08-18T14:26:02","guid":{"rendered":"http:\/\/association-sakura.fr\/?page_id=58"},"modified":"2020-08-18T09:42:36","modified_gmt":"2020-08-18T08:42:36","slug":"langue-japonaise","status":"publish","type":"page","link":"https:\/\/association-sakura.fr\/?page_id=58","title":{"rendered":"Langue Japonaise \u65e5\u672c\u8a9e"},"content":{"rendered":"<p>La langue japonaise, c&rsquo;est une langue qui est \u00e9loign\u00e9 du fran\u00e7ais, mais tout aussi po\u00e9tique !<\/p>\n<p>A savoir que la langue japonaise \u00e0 4 \u00e9critures :\u00a0<\/p>\n<ul>\n<li>Hiragana<\/li>\n<li>Katakana<\/li>\n<li>Kanji<\/li>\n<li>Furigana<\/li>\n<\/ul>\n<p>Dans un premier lieu, lors de cours, les hiraganas et katakana (ordinairement dit les \u00ab\u00a0kanas\u00a0\u00bb) sont appris afin d&rsquo;utiliser ensuite les kanjis, les id\u00e9ogrammes d&rsquo;origine chinoise. Les furigana quant \u00e0 eux sont utilis\u00e9s dans les journaux et livres afin d&rsquo;aider \u00e0 la lecture des kanjis.\u00a0<\/p>\n<p>Trouvez ci-dessous les hiraganas et les katakanas qui sont appris lors des premi\u00e8res ann\u00e9es d&rsquo;apprentissage du japonais :<\/p>\n<p><img data-attachment-id=\"1815\" data-permalink=\"https:\/\/association-sakura.fr\/?attachment_id=1815\" data-orig-file=\"https:\/\/i0.wp.com\/association-sakura.fr\/wp-content\/uploads\/2020\/08\/Hiragana.png?fit=1024%2C768&amp;ssl=1\" data-orig-size=\"1024,768\" data-comments-opened=\"1\" data-image-meta=\"{&quot;aperture&quot;:&quot;0&quot;,&quot;credit&quot;:&quot;&quot;,&quot;camera&quot;:&quot;&quot;,&quot;caption&quot;:&quot;&quot;,&quot;created_timestamp&quot;:&quot;0&quot;,&quot;copyright&quot;:&quot;&quot;,&quot;focal_length&quot;:&quot;0&quot;,&quot;iso&quot;:&quot;0&quot;,&quot;shutter_speed&quot;:&quot;0&quot;,&quot;title&quot;:&quot;&quot;,&quot;orientation&quot;:&quot;0&quot;}\" data-image-title=\"Hiragana\" data-image-description=\"\" data-image-caption=\"\" data-medium-file=\"https:\/\/i0.wp.com\/association-sakura.fr\/wp-content\/uploads\/2020\/08\/Hiragana.png?fit=300%2C225&amp;ssl=1\" data-large-file=\"https:\/\/i0.wp.com\/association-sakura.fr\/wp-content\/uploads\/2020\/08\/Hiragana.png?fit=800%2C600&amp;ssl=1\" decoding=\"async\" loading=\"lazy\" class=\"alignnone size-medium wp-image-1815\" src=\"https:\/\/i0.wp.com\/association-sakura.fr\/wp-content\/uploads\/2020\/08\/Hiragana.png?resize=300%2C225&#038;ssl=1\" alt=\"Hiraganas\" width=\"300\" height=\"225\" srcset=\"https:\/\/i0.wp.com\/association-sakura.fr\/wp-content\/uploads\/2020\/08\/Hiragana.png?resize=300%2C225&amp;ssl=1 300w, https:\/\/i0.wp.com\/association-sakura.fr\/wp-content\/uploads\/2020\/08\/Hiragana.png?resize=768%2C576&amp;ssl=1 768w, https:\/\/i0.wp.com\/association-sakura.fr\/wp-content\/uploads\/2020\/08\/Hiragana.png?w=1024&amp;ssl=1 1024w\" sizes=\"(max-width: 300px) 100vw, 300px\" data-recalc-dims=\"1\" \/> <img data-attachment-id=\"1816\" data-permalink=\"https:\/\/association-sakura.fr\/?attachment_id=1816\" data-orig-file=\"https:\/\/i0.wp.com\/association-sakura.fr\/wp-content\/uploads\/2020\/08\/Katakana.png?fit=1024%2C768&amp;ssl=1\" data-orig-size=\"1024,768\" data-comments-opened=\"1\" data-image-meta=\"{&quot;aperture&quot;:&quot;0&quot;,&quot;credit&quot;:&quot;&quot;,&quot;camera&quot;:&quot;&quot;,&quot;caption&quot;:&quot;&quot;,&quot;created_timestamp&quot;:&quot;0&quot;,&quot;copyright&quot;:&quot;&quot;,&quot;focal_length&quot;:&quot;0&quot;,&quot;iso&quot;:&quot;0&quot;,&quot;shutter_speed&quot;:&quot;0&quot;,&quot;title&quot;:&quot;&quot;,&quot;orientation&quot;:&quot;0&quot;}\" data-image-title=\"Katakana\" data-image-description=\"\" data-image-caption=\"\" data-medium-file=\"https:\/\/i0.wp.com\/association-sakura.fr\/wp-content\/uploads\/2020\/08\/Katakana.png?fit=300%2C225&amp;ssl=1\" data-large-file=\"https:\/\/i0.wp.com\/association-sakura.fr\/wp-content\/uploads\/2020\/08\/Katakana.png?fit=800%2C600&amp;ssl=1\" decoding=\"async\" loading=\"lazy\" class=\"alignnone size-medium wp-image-1816\" src=\"https:\/\/i0.wp.com\/association-sakura.fr\/wp-content\/uploads\/2020\/08\/Katakana.png?resize=300%2C225&#038;ssl=1\" alt=\"Katakanas\" width=\"300\" height=\"225\" srcset=\"https:\/\/i0.wp.com\/association-sakura.fr\/wp-content\/uploads\/2020\/08\/Katakana.png?resize=300%2C225&amp;ssl=1 300w, https:\/\/i0.wp.com\/association-sakura.fr\/wp-content\/uploads\/2020\/08\/Katakana.png?resize=768%2C576&amp;ssl=1 768w, https:\/\/i0.wp.com\/association-sakura.fr\/wp-content\/uploads\/2020\/08\/Katakana.png?w=1024&amp;ssl=1 1024w\" sizes=\"(max-width: 300px) 100vw, 300px\" data-recalc-dims=\"1\" \/><\/p>\n<p>L&rsquo;association SAKURA propose des cours de japonais, ils ont lieu 1 fois par semaine sur P\u00e9zenas \u00e0 l&rsquo;<a href=\"https:\/\/www.google.fr\/maps\/place\/Rue+Massillon,+34120+P%C3%A9zenas\/@43.4598232,3.421481,3a,75y,214.67h,99.11t\/data=!3m7!1e1!3m5!1sMX-PTBJUsXCNcXUWK3PsJw!2e0!6s%2F%2Fgeo1.ggpht.com%2Fcbk%3Fpanoid%3DMX-PTBJUsXCNcXUWK3PsJw%26output%3Dthumbnail%26cb_client%3Dmaps_sv.tactile.gps%26thumb%3D2%26w%3D203%26h%3D100%26yaw%3D94.635406%26pitch%3D0!7i13312!8i6656!4m5!3m4!1s0x12b14027b02d5f67:0x2fe2fc65922ea495!8m2!3d43.4597732!4d3.4215522\">espace Bonnafous<\/a>\u00a0et ou \u00e0 B\u00e9darieux au <a href=\"https:\/\/www.lyc-fabre-bedarieux.ac-montpellier.fr\/\">lyc\u00e9e Ferdinand Fabre<\/a>.<\/p>\n<p>Les cours durent 1h afin d&rsquo;apprendre (dans un premier temps) les hiraganas, les katakanas, mais aussi les kanjis, mais aussi a parler japonais avec les autres \u00e9l\u00e8ves mais aussi avec le professeur gr\u00e2ce \u00e0 des mises en situations ludiques etc&#8230;<\/p>\n<p>Apprendre le japonais passe aussi par apprendre la culture japonaise, l&rsquo;association propose des cours de cuisine, des manifestations \u00e0 travers des journ\u00e9es japonaises, des ateliers d&rsquo;origami, calligraphie etc&#8230;On apprends plus facilement une langue lorsqu&rsquo;on comprends sa culture \ud83d\ude42\u00a0<\/p>\n\n\n<p><\/p>\n<div class=\"sharedaddy sd-sharing-enabled\"><div class=\"robots-nocontent sd-block sd-social sd-social-icon sd-sharing\"><h3 class=\"sd-title\">Partager\u00a0:<\/h3><div class=\"sd-content\"><ul><li class=\"share-twitter\"><a rel=\"nofollow noopener noreferrer\" data-shared=\"sharing-twitter-58\" class=\"share-twitter sd-button share-icon no-text\" href=\"https:\/\/association-sakura.fr\/?page_id=58&amp;share=twitter\" target=\"_blank\" title=\"Cliquez pour partager sur Twitter\" ><span><\/span><span class=\"sharing-screen-reader-text\">Cliquez pour partager sur Twitter(ouvre dans une nouvelle fen\u00eatre)<\/span><\/a><\/li><li class=\"share-facebook\"><a rel=\"nofollow noopener noreferrer\" data-shared=\"sharing-facebook-58\" class=\"share-facebook sd-button share-icon no-text\" href=\"https:\/\/association-sakura.fr\/?page_id=58&amp;share=facebook\" target=\"_blank\" title=\"Cliquez pour partager sur Facebook\" ><span><\/span><span class=\"sharing-screen-reader-text\">Cliquez pour partager sur Facebook(ouvre dans une nouvelle fen\u00eatre)<\/span><\/a><\/li><li class=\"share-end\"><\/li><\/ul><\/div><\/div><\/div>","protected":false},"excerpt":{"rendered":"<p>La langue japonaise, c&rsquo;est une langue qui est \u00e9loign\u00e9 du fran\u00e7ais, mais tout aussi po\u00e9tique ! A savoir que la langue japonaise \u00e0 4 \u00e9critures :\u00a0 Hiragana Katakana Kanji Furigana Dans un premier lieu, lors de cours, les hiraganas et katakana (ordinairement dit les \u00ab\u00a0kanas\u00a0\u00bb) sont appris afin d&rsquo;utiliser ensuite les kanjis, les id\u00e9ogrammes d&rsquo;origine <a class=\"read-more\" href=\"https:\/\/association-sakura.fr\/?page_id=58\">Read More<\/a><\/p>\n<div class=\"sharedaddy sd-sharing-enabled\"><div class=\"robots-nocontent sd-block sd-social sd-social-icon sd-sharing\"><h3 class=\"sd-title\">Partager\u00a0:<\/h3><div class=\"sd-content\"><ul><li class=\"share-twitter\"><a rel=\"nofollow noopener noreferrer\" data-shared=\"sharing-twitter-58\" class=\"share-twitter sd-button share-icon no-text\" href=\"https:\/\/association-sakura.fr\/?page_id=58&amp;share=twitter\" target=\"_blank\" title=\"Cliquez pour partager sur Twitter\" ><span><\/span><span class=\"sharing-screen-reader-text\">Cliquez pour partager sur Twitter(ouvre dans une nouvelle fen\u00eatre)<\/span><\/a><\/li><li class=\"share-facebook\"><a rel=\"nofollow noopener noreferrer\" data-shared=\"sharing-facebook-58\" class=\"share-facebook sd-button share-icon no-text\" href=\"https:\/\/association-sakura.fr\/?page_id=58&amp;share=facebook\" target=\"_blank\" title=\"Cliquez pour partager sur Facebook\" ><span><\/span><span class=\"sharing-screen-reader-text\">Cliquez pour partager sur Facebook(ouvre dans une nouvelle fen\u00eatre)<\/span><\/a><\/li><li class=\"share-end\"><\/li><\/ul><\/div><\/div><\/div>","protected":false},"author":1,"featured_media":0,"parent":2,"menu_order":0,"comment_status":"closed","ping_status":"closed","template":"","meta":{"jetpack_post_was_ever_published":false},"jetpack_sharing_enabled":true,"jetpack_shortlink":"https:\/\/wp.me\/P7NwjI-W","jetpack-related-posts":[{"id":39,"url":"https:\/\/association-sakura.fr\/?page_id=39","url_meta":{"origin":58,"position":0},"title":"Qui sommes nous ?","date":"12 ao\u00fbt 2016","format":false,"excerpt":"L'association Sakura est n\u00e9e \u00e0 l'initiative de passionn\u00e9s du Japon. Elle a \u00e9t\u00e9 cr\u00e9\u00e9e dans le but de faire d\u00e9couvrir les multiples facettes du pays, que ce soit \u00e0 travers, l'apprentissage de la langue japonaise, sa cuisine, ses \u00e9v\u00e8nements au fil des saisons, etc... Nous serons ravis de vous faire\u2026","rel":"","context":"Article similaire","img":{"alt_text":"","src":"","width":0,"height":0},"classes":[]},{"id":98,"url":"https:\/\/association-sakura.fr\/?page_id=98","url_meta":{"origin":58,"position":1},"title":"Curry Japonais","date":"28 ao\u00fbt 2017","format":false,"excerpt":"Voici une des recettes japonaise tr\u00e8s simple qui fait parti int\u00e9grante de la gastronomie japonaise. Je vais vous donner ma recette qui est tr\u00e8s simple ! A savoir qu'il y a autant de recettes de curry au Japon que de recettes de macaronade dans la r\u00e9gion. Chacun \u00e0 la sienne\u2026","rel":"","context":"Article similaire","img":{"alt_text":"","src":"","width":0,"height":0},"classes":[]},{"id":96,"url":"https:\/\/association-sakura.fr\/?page_id=96","url_meta":{"origin":58,"position":2},"title":"Recettes","date":"28 ao\u00fbt 2017","format":false,"excerpt":"Voici quelques id\u00e9es de recettes japonaise","rel":"","context":"Article similaire","img":{"alt_text":"","src":"","width":0,"height":0},"classes":[]},{"id":2,"url":"https:\/\/association-sakura.fr\/?page_id=2","url_meta":{"origin":58,"position":3},"title":"Cours","date":"11 ao\u00fbt 2016","format":false,"excerpt":"L'association Sakura propose des cours de Japonais (et d'autres activit\u00e9s pendant les vacances scolaires) \u00e0 B\u00e9darieux et \u00e0 P\u00e9zenas Pour nous retrouver \u00e0 B\u00e9darieux, c'est tous les mardis de 17 \u00e0 18h au lyc\u00e9e Ferdinand Fabre\u00a0(maison des lyc\u00e9ens). Et \u00e0 P\u00e9zenas, c'est tous les vendredis de 17 \u00e0 18h (d\u00e9butants)\u2026","rel":"","context":"Article similaire","img":{"alt_text":"","src":"","width":0,"height":0},"classes":[]},{"id":1737,"url":"https:\/\/association-sakura.fr\/?page_id=1737","url_meta":{"origin":58,"position":4},"title":"2020 &#8211; Vernissage exposition Nagare","date":"17 ao\u00fbt 2020","format":false,"excerpt":"Mardi 11 ao\u00fbt l'association \u00e9tait pr\u00e9sente lors du vernissage de de l'exposition NAGARE aux caves Moli\u00e8res. Voici quelques photos prises lors du vernissage en pr\u00e9sence de Monsieur le Consul G\u00e9n\u00e9ral du Japon \u00e0 Marseille.","rel":"","context":"Article similaire","img":{"alt_text":"","src":"https:\/\/i0.wp.com\/association-sakura.fr\/wp-content\/uploads\/2020\/08\/IMG_20200811_185045-scaled.jpg?resize=350%2C200&ssl=1","width":350,"height":200},"classes":[]},{"id":3268,"url":"https:\/\/association-sakura.fr\/?page_id=3268","url_meta":{"origin":58,"position":5},"title":"2022 &#8211; Semaine du Japon en Occitanie &#8211; Expo du Japon \u00e0 P\u00e9zenas","date":"27 d\u00e9cembre 2022","format":false,"excerpt":"Merci \u00e0 la Mairie de P\u00e9zenas pour ses photos !!! Egalement un grand merci au Consulat du Japon \u00e0 Marseille et \u00e0 l'association Y\u00fbjo pour la mise en place de cette semaine du Japon en Occitanie, mais aussi \u00e0 l'artisan Papetier et \u00e0 l'atelier de Michiko pour leur pr\u00eat de\u2026","rel":"","context":"Article similaire","img":{"alt_text":"","src":"https:\/\/i0.wp.com\/association-sakura.fr\/wp-content\/uploads\/2022\/12\/IMG_4573-scaled.jpg?resize=350%2C200&ssl=1","width":350,"height":200},"classes":[]}],"jetpack_likes_enabled":true,"_links":{"self":[{"href":"https:\/\/association-sakura.fr\/index.php?rest_route=\/wp\/v2\/pages\/58"}],"collection":[{"href":"https:\/\/association-sakura.fr\/index.php?rest_route=\/wp\/v2\/pages"}],"about":[{"href":"https:\/\/association-sakura.fr\/index.php?rest_route=\/wp\/v2\/types\/page"}],"author":[{"embeddable":true,"href":"https:\/\/association-sakura.fr\/index.php?rest_route=\/wp\/v2\/users\/1"}],"replies":[{"embeddable":true,"href":"https:\/\/association-sakura.fr\/index.php?rest_route=%2Fwp%2Fv2%2Fcomments&post=58"}],"version-history":[{"count":6,"href":"https:\/\/association-sakura.fr\/index.php?rest_route=\/wp\/v2\/pages\/58\/revisions"}],"predecessor-version":[{"id":1818,"href":"https:\/\/association-sakura.fr\/index.php?rest_route=\/wp\/v2\/pages\/58\/revisions\/1818"}],"up":[{"embeddable":true,"href":"https:\/\/association-sakura.fr\/index.php?rest_route=\/wp\/v2\/pages\/2"}],"wp:attachment":[{"href":"https:\/\/association-sakura.fr\/index.php?rest_route=%2Fwp%2Fv2%2Fmedia&parent=58"}],"curies":[{"name":"wp","href":"https:\/\/api.w.org\/{rel}","templated":true}]}}