{"id":12,"date":"2016-08-11T15:57:01","date_gmt":"2016-08-11T14:57:01","guid":{"rendered":"http:\/\/association-sakura.fr\/?page_id=12"},"modified":"2016-08-12T15:27:20","modified_gmt":"2016-08-12T14:27:20","slug":"evenements","status":"publish","type":"page","link":"https:\/\/association-sakura.fr\/?page_id=12","title":{"rendered":"Ev\u00e8nements"},"content":{"rendered":"<p>L&rsquo;association Sakura proposera des \u00e9v\u00e8nement en lien avec le Japon.<\/p>\n<p>Voici quelques exemples d&rsquo;\u00e9v\u00e8nements :<\/p>\n<ul>\n<li><a href=\"https:\/\/fr.wikipedia.org\/wiki\/Hanami\">Hanami<\/a><\/li>\n<li><a href=\"https:\/\/fr.wikipedia.org\/wiki\/Tanabata\">Tanabata<\/a><\/li>\n<li><a href=\"https:\/\/fr.wikipedia.org\/wiki\/F\u00eate_de_la_mi-automne\">Tsukimi<\/a><\/li>\n<li>Etc&#8230;<\/li>\n<\/ul>\n<p>&nbsp;<\/p>\n<p>&nbsp;<\/p>\n<div class=\"sharedaddy sd-sharing-enabled\"><div class=\"robots-nocontent sd-block sd-social sd-social-icon sd-sharing\"><h3 class=\"sd-title\">Partager\u00a0:<\/h3><div class=\"sd-content\"><ul><li class=\"share-twitter\"><a rel=\"nofollow noopener noreferrer\" data-shared=\"sharing-twitter-12\" class=\"share-twitter sd-button share-icon no-text\" href=\"https:\/\/association-sakura.fr\/?page_id=12&amp;share=twitter\" target=\"_blank\" title=\"Cliquez pour partager sur Twitter\" ><span><\/span><span class=\"sharing-screen-reader-text\">Cliquez pour partager sur Twitter(ouvre dans une nouvelle fen\u00eatre)<\/span><\/a><\/li><li class=\"share-facebook\"><a rel=\"nofollow noopener noreferrer\" data-shared=\"sharing-facebook-12\" class=\"share-facebook sd-button share-icon no-text\" href=\"https:\/\/association-sakura.fr\/?page_id=12&amp;share=facebook\" target=\"_blank\" title=\"Cliquez pour partager sur Facebook\" ><span><\/span><span class=\"sharing-screen-reader-text\">Cliquez pour partager sur Facebook(ouvre dans une nouvelle fen\u00eatre)<\/span><\/a><\/li><li class=\"share-end\"><\/li><\/ul><\/div><\/div><\/div>","protected":false},"excerpt":{"rendered":"<p>L&rsquo;association Sakura proposera des \u00e9v\u00e8nement en lien avec le Japon. Voici quelques exemples d&rsquo;\u00e9v\u00e8nements : Hanami Tanabata Tsukimi Etc&#8230; &nbsp; &nbsp;<\/p>\n<div class=\"sharedaddy sd-sharing-enabled\"><div class=\"robots-nocontent sd-block sd-social sd-social-icon sd-sharing\"><h3 class=\"sd-title\">Partager\u00a0:<\/h3><div class=\"sd-content\"><ul><li class=\"share-twitter\"><a rel=\"nofollow noopener noreferrer\" data-shared=\"sharing-twitter-12\" class=\"share-twitter sd-button share-icon no-text\" href=\"https:\/\/association-sakura.fr\/?page_id=12&amp;share=twitter\" target=\"_blank\" title=\"Cliquez pour partager sur Twitter\" ><span><\/span><span class=\"sharing-screen-reader-text\">Cliquez pour partager sur Twitter(ouvre dans une nouvelle fen\u00eatre)<\/span><\/a><\/li><li class=\"share-facebook\"><a rel=\"nofollow noopener noreferrer\" data-shared=\"sharing-facebook-12\" class=\"share-facebook sd-button share-icon no-text\" href=\"https:\/\/association-sakura.fr\/?page_id=12&amp;share=facebook\" target=\"_blank\" title=\"Cliquez pour partager sur Facebook\" ><span><\/span><span class=\"sharing-screen-reader-text\">Cliquez pour partager sur Facebook(ouvre dans une nouvelle fen\u00eatre)<\/span><\/a><\/li><li class=\"share-end\"><\/li><\/ul><\/div><\/div><\/div>","protected":false},"author":1,"featured_media":0,"parent":0,"menu_order":0,"comment_status":"closed","ping_status":"closed","template":"","meta":{"jetpack_post_was_ever_published":false},"jetpack_sharing_enabled":true,"jetpack_shortlink":"https:\/\/wp.me\/P7NwjI-c","jetpack-related-posts":[{"id":144,"url":"https:\/\/association-sakura.fr\/?page_id=144","url_meta":{"origin":12,"position":0},"title":"2017 &#8211; V\u0153ux de la mairie de P\u00e9zenas","date":"28 janvier 2018","format":false,"excerpt":"V\u0153ux du maire en vid\u00e9o","rel":"","context":"Article similaire","img":{"alt_text":"","src":"https:\/\/i0.wp.com\/association-sakura.fr\/wp-content\/uploads\/2018\/01\/P_20180119_181852.jpg?resize=350%2C200","width":350,"height":200},"classes":[]},{"id":92,"url":"https:\/\/association-sakura.fr\/?page_id=92","url_meta":{"origin":12,"position":1},"title":"2017 &#8211; Journ\u00e9e des associations \u00e0 P\u00e9zenas","date":"24 ao\u00fbt 2017","format":false,"excerpt":"Retrouvez nous au Forum des Loisirs le 9 septembre 2017 de 9h \u00e0 13h au Parc sans Soucis de P\u00e9zenas !","rel":"","context":"Article similaire","img":{"alt_text":"","src":"https:\/\/i0.wp.com\/association-sakura.fr\/wp-content\/uploads\/2017\/08\/P_20170909_082820-e1505117856565.jpg?resize=350%2C200","width":350,"height":200},"classes":[]},{"id":1739,"url":"https:\/\/association-sakura.fr\/?page_id=1739","url_meta":{"origin":12,"position":2},"title":"2018 &#8211; Vernissage exposition Ukiyo-e P\u00e9zenas","date":"17 ao\u00fbt 2020","format":false,"excerpt":"Merci \u00e0 la m\u00e9diath\u00e8que de nous avoir fait confiance pour cette manifestation et pour avoir pris les photos :-)","rel":"","context":"Article similaire","img":{"alt_text":"","src":"https:\/\/i0.wp.com\/association-sakura.fr\/wp-content\/uploads\/2020\/08\/2018-Exposition-Ukiyo-e-15.jpg?resize=350%2C200&ssl=1","width":350,"height":200},"classes":[]},{"id":1746,"url":"https:\/\/association-sakura.fr\/?page_id=1746","url_meta":{"origin":12,"position":3},"title":"2019 &#8211; Vernissage exposition Ukiyo-e Cazouls d&rsquo;H\u00e9rault","date":"17 ao\u00fbt 2020","format":false,"excerpt":"Merci \u00e0 la m\u00e9diath\u00e8que de Cazouls d'H\u00e9rault de nous avoir fait confiance","rel":"","context":"Article similaire","img":{"alt_text":"","src":"https:\/\/i0.wp.com\/association-sakura.fr\/wp-content\/uploads\/2020\/08\/P_20190906_183952-scaled.jpg?resize=350%2C200&ssl=1","width":350,"height":200},"classes":[]},{"id":1737,"url":"https:\/\/association-sakura.fr\/?page_id=1737","url_meta":{"origin":12,"position":4},"title":"2020 &#8211; Vernissage exposition Nagare","date":"17 ao\u00fbt 2020","format":false,"excerpt":"Mardi 11 ao\u00fbt l'association \u00e9tait pr\u00e9sente lors du vernissage de de l'exposition NAGARE aux caves Moli\u00e8res. Voici quelques photos prises lors du vernissage en pr\u00e9sence de Monsieur le Consul G\u00e9n\u00e9ral du Japon \u00e0 Marseille.","rel":"","context":"Article similaire","img":{"alt_text":"","src":"https:\/\/i0.wp.com\/association-sakura.fr\/wp-content\/uploads\/2020\/08\/IMG_20200811_185045-scaled.jpg?resize=350%2C200&ssl=1","width":350,"height":200},"classes":[]},{"id":3268,"url":"https:\/\/association-sakura.fr\/?page_id=3268","url_meta":{"origin":12,"position":5},"title":"2022 &#8211; Semaine du Japon en Occitanie &#8211; Expo du Japon \u00e0 P\u00e9zenas","date":"27 d\u00e9cembre 2022","format":false,"excerpt":"Merci \u00e0 la Mairie de P\u00e9zenas pour ses photos !!! Egalement un grand merci au Consulat du Japon \u00e0 Marseille et \u00e0 l'association Y\u00fbjo pour la mise en place de cette semaine du Japon en Occitanie, mais aussi \u00e0 l'artisan Papetier et \u00e0 l'atelier de Michiko pour leur pr\u00eat de\u2026","rel":"","context":"Article similaire","img":{"alt_text":"","src":"https:\/\/i0.wp.com\/association-sakura.fr\/wp-content\/uploads\/2022\/12\/IMG_4573-scaled.jpg?resize=350%2C200&ssl=1","width":350,"height":200},"classes":[]}],"jetpack_likes_enabled":true,"_links":{"self":[{"href":"https:\/\/association-sakura.fr\/index.php?rest_route=\/wp\/v2\/pages\/12"}],"collection":[{"href":"https:\/\/association-sakura.fr\/index.php?rest_route=\/wp\/v2\/pages"}],"about":[{"href":"https:\/\/association-sakura.fr\/index.php?rest_route=\/wp\/v2\/types\/page"}],"author":[{"embeddable":true,"href":"https:\/\/association-sakura.fr\/index.php?rest_route=\/wp\/v2\/users\/1"}],"replies":[{"embeddable":true,"href":"https:\/\/association-sakura.fr\/index.php?rest_route=%2Fwp%2Fv2%2Fcomments&post=12"}],"version-history":[{"count":9,"href":"https:\/\/association-sakura.fr\/index.php?rest_route=\/wp\/v2\/pages\/12\/revisions"}],"predecessor-version":[{"id":43,"href":"https:\/\/association-sakura.fr\/index.php?rest_route=\/wp\/v2\/pages\/12\/revisions\/43"}],"wp:attachment":[{"href":"https:\/\/association-sakura.fr\/index.php?rest_route=%2Fwp%2Fv2%2Fmedia&parent=12"}],"curies":[{"name":"wp","href":"https:\/\/api.w.org\/{rel}","templated":true}]}}